tive of -m**4/12 + m**3 + 3*m**2/2 + 2*m. What is the remainder when 46/8 - (-2)/8 is divided by s(6)?
0
Suppose 2*c + 0*c = c. Suppose c = -5*k + 6*k - 19. What is the remainder when 32 is divided by k?
13
Let q(x) = -x**2 - x + 1. Let m be q(0). Let r = m + 7. Suppose -o + r = -8. Calculate the remainder when 30 is divided by o.
14
Calculate the remainder when 76 is divided by 1*(7 - 8)*-11.
10
Suppose 3*t = -9, -2*y - 112 = -2*t - 164. Calculate the remainder when 434 is divided by y.
20
Suppose 0 = -100*r + 86*r + 70. Calculate the remainder when 18 is divided by r.
3
Suppose -504 + 148 = -2*d. What is the remainder when d is divided by 18?
16
Let q(y) = y**2 - 7*y + 11. Calculate the remainder when (1/1)/(1/43) is divided by q(7).
10
Let d(r) = 2*r**2 + 7*r + 4. Suppose -4*q - 5 = -3*q. Let l = 175 - 119. Calculate the remainder when l is divided by d(q).
18
Suppose -7 = i - 6. Let f = 55 + i. Calculate the remainder when f is divided by 14.
12
Let y(k) = -3*k - 18. Let z be y(-12). Calculate the remainder when 34 is divided by (-8)/((-144)/158) - (-4)/z.
7
Calculate the remainder when -20 - -93 - (1 - 0) is divided by 37.
35
Suppose 11*r - 93 - 160 = 0. What is the remainder when r is divided by 13?
10
Suppose 5*w - 4*w - 32 = 2*k, -2*k - 4 = 0. Let q = 81 - -8. Calculate the remainder when q is divided by w.
5
Let w(b) = -b**2 + 5 - 4*b + 1 + 0 + 2*b**2. Let x be w(6). Calculate the remainder when -1*-2*x/4 is divided by 6.
3
Suppose 0 = -3*t - 6 + 15, 5*t - 33 = -2*g. Calculate the remainder when 40 is divided by g.
4
Let b be 6*2/6*-1. Let p be (-2)/(-4 + (b - -5)). Suppose 0 = -3*v + y + 174, -106 = -p*v + 5*y - y. Calculate the remainder when v is divided by 20.
19
Let y = 54 - 33. Suppose 63*q + 351 = 72*q. What is the remainder when q is divided by y?
18
Suppose -b + 3 = 4, -3*b = 2*q - 47. What is the remainder when 74 is divided by q?
24
Suppose 1499 = 5*n + 179. Calculate the remainder when (-6)/18 - n/(-9) is divided by (-1 - -1 - -2)*4.
5
Suppose -4*u + 60 = 2*y, -4*u - 3*y + 30 + 32 = 0. Suppose 5*g - u = 76. Calculate the remainder when g is divided by 1*-2*(-35)/10.
4
Let u = 4971 - 3236. What is the remainder when u is divided by 9?
7
Suppose -24 = -4*z + 36. Let m(x) = -12 + 7*x + 2*x - x**2 + 9 + 0*x. Calculate the remainder when z is divided by m(8).
0
Let l(s) = 3*s + 4. Let a be (5/(-3) + 2)/(1/21). Calculate the remainder when l(a) is divided by 15.
10
Suppose 0 = 4*r - r. Let w(q) = q**3 + 12. Let c be w(r). Let b = -2 + c. Calculate the remainder when 37 is divided by b.
7
Let f = -11 - -16. Suppose -8 = f*i - 3*i, 0 = m - i - 36. Calculate the remainder when 62 is divided by m.
30
Suppose 7 = 2*o - 3*w, 0 = -5*w - 2 - 3. Suppose 3*m = r + 22, m - o*r = 3*m - 12. What is the remainder when 26 is divided by m?
5
What is the remainder when 29 is divided by 6/(22/40 - (-4)/(-16))?
9
Suppose -39*a - 147 = -46*a. Let k = -1 - -9. Calculate the remainder when a is divided by k.
5
Let m = 353 - 242. Let i(r) = 38*r + 1344. What is the remainder when m is divided by i(-35)?
13
Let q = 560 - 233. What is the remainder when q is divided by 53?
9
Let i = 31 - -98. Calculate the remainder when i is divided by 19.
15
Let n = -3 + 3. Suppose -4*x + 4 = n, -4*o + 92 = -2*x - 2*x. Calculate the remainder when (-3 + 10 - 3) + 91 is divided by o.
23
Let i(o) = 5 + 2*o - 3 + 7 + 2*o**2. Let c(b) = 35*b - 927. Calculate the remainder when i(-6) is divided by c(27).
15
What is the remainder when 879 is divided by (2 + -3)/((-12)/(13 - -803))?
63
Let t(k) = k + 1. Let v be t(3). Suppose v*y + 83 = 3*j - y, -y = j - 17. Suppose -230*d + 195*d = -2835. What is the remainder when d is divided by j?
18
Suppose 2*l + 0*q - 78 = q, 2*l + 4*q = 58. Let r = 58 + l. Calculate the remainder when r is divided by 17.
10
Let l be (-6)/(-4)*(235/3 + -5). Suppose q = 5*u - 192, -l = 4*u - 7*u - 2*q. Calculate the remainder when u is divided by 21.
17
Suppose -4*v + 8 + 32 = 0. What is the remainder when 16 is divided by v?
6
Let u = 30 + -26. Suppose -u*n - w + 88 = 0, -2*n - 76 = -6*n - 4*w. Calculate the remainder when n is divided by 9.
5
Let j(n) = -17*n - 109. Calculate the remainder when 377 is divided by j(-12).
92
Let l be 13/2 - 1/2. Suppose -j - l = 7. Let u(m) = -m - 5. Calculate the remainder when 31 is divided by u(j).
7
Let c = -54 + 49. Calculate the remainder when (-6715)/(-34)*(-4)/c is divided by 54.
50
Let r be (9/(-12) + -1)*12. Let m = r + 73. Calculate the remainder when m is divided by 11.
8
Let h(k) = 8*k - 21. Let o(p) = 20*p - 52. Let c(l) = -12*h(l) + 5*o(l). Suppose 40 = u + 2. Calculate the remainder when u is divided by c(4).
6
Let u = -77 - -136. What is the remainder when u is divided by 10?
9
Let g = 70 - 13. Suppose 9*c = 175 + 14. Calculate the remainder when g is divided by c.
15
Suppose -2*r - 118 = -4*t, -91 - 2 = -4*t - 3*r. Calculate the remainder when t is divided by 17.
10
Suppose 4*m + 19 = p, 4*p - 8*p - 3*m = 19. Suppose j - 2 = -3*a - 3, -3*j + 4*a + 36 = 0. What is the remainder when (39 - (p + 3))/1 is divided by j?
5
Let a be 3 + -2 - -2 - 0. Let o = a - -2. Suppose -3*z + 2*i - 3*i + 50 = 0, o*z = 3*i + 60. Calculate the remainder when z is divided by 8.
7
Calculate the remainder when (-16)/192*-12*(-128)/(-1) is divided by 46.
36
Let h(d) = d**2 - 6*d - 36. Let y be h(12). Suppose -3*v - 2*k = -y, 4*v - 48 = -3*k - k. What is the remainder when 35 is divided by v?
11
Suppose 3*l + 472 = 4*o, 5*l + 0 - 354 = -3*o. What is the remainder when o is divided by 47?
24
Let z(p) = p + 12. Let i be z(-8). Suppose 5*m - i*o - 40 = 0, 30 = 5*m - 0*o - 2*o. What is the remainder when 6 - 6/m*-2 is divided by 4?
1
Suppose 2*i = 3*n + 49, -i - 4*n - 6 = -25. Let l = 35 + 51. Calculate the remainder when l is divided by i.
17
Suppose 911*f = 907*f + 8780. What is the remainder when f is divided by 18?
17
Suppose 594 = -11*g + 22*g. Let q be 1/(-2) + 71/(-2). Calculate the remainder when 406/6 + q/g is divided by 34.
33
Suppose -1 = 3*u - 28. Suppose 0 = 5*m - 5*n - 370, 4*m + 77 = -2*n + 349. Calculate the remainder when m is divided by (u + 0)/(5/10).
16
Let t(d) = 3*d**3 + 18*d**2 - 14*d + 13. What is the remainder when t(-6) is divided by 14?
13
Let j(y) = 5*y + 33. What is the remainder when 123 is divided by j(0)?
24
Suppose y + 0*y - 105 = 0. Let v(l) = -l**3 - 16*l**2 - 13*l + 39. What is the remainder when y is divided by v(-15)?
6
Suppose 8*q = 6*q - 4*j + 552, -q = -4*j - 264. What is the remainder when q is divided by 25?
22
Let n be (7 - 1)/((-1)/3). Let x = 42 + n. What is the remainder when 44 is divided by x?
20
Let m = 108 - -23. Calculate the remainder when m is divided by 19.
17
Let p(x) = -x**3 + 11*x**2 - 11*x + 8. Let l be p(10). Calculate the remainder when 13 is divided by ((-48)/15)/(l/5).
5
What is the remainder when 395 is divided by (-4)/1*(-10 - 1099/28)?
1
What is the remainder when 384 is divided by 41 + 1 - (-2 + 11 + -10)?
40
Let j = 8941 + -8844. Let k(y) = 2 + 6 - 3 - 5*y. What is the remainder when j is divided by k(-4)?
22
Let y(v) = 22*v - 14. Let k be y(6). Let x = 32 + k. Let r = x - 93. What is the remainder when r is divided by 15?
12
Let y(v) = -v**3 - 6*v**2 - 7*v + 7. Calculate the remainder when 94 is divided by y(-5).
9
Let v(l) = 16*l + 5. Let x be v(-2). Let c = x - -32. What is the remainder when 8 is divided by c?
3
Calculate the remainder when ((-10116)/(-30))/(69/230) is divided by 12.
8
Let z be ((-322)/(-28))/((-1)/(-60)). Suppose 11*f = -4*f + z. Suppose 2*k - 33 = -1. Calculate the remainder when f is divided by k.
14
Let g(d) = 12*d**2 + 5*d + 5. Calculate the remainder when 80 is divided by g(-1).
8
Suppose -6*g + 145 = -5. Calculate the remainder when 46 is divided by g.
21
Let w = 269 + -249. What is the remainder when 86 is divided by w?
6
Let j be (4/10)/(2/230). Let u be (-4 - 1)*(0 - j). Suppose 5*m = u - 5. What is the remainder when m is divided by 24?
21
Let o(q) = -q**2 + 11*q + 9. Suppose 4*d - 26 = -2*a, -d + 4*a + 4 = 2*a. Calculate the remainder when 154 is divided by o(d).
37
Let s(x) = -64*x - 178. Calculate the remainder when s(-5) is divided by 5.
2
Suppose -3*f - 12 = -7*f. Let k be f*3/9*5. Suppose -x + 47 = k*t, 3*x - 158 = -x - 5*t